 - 65)
-7
What is the value of 72 + -60 - (6 - 1)?
7
What is the value of (-1 + -6 - -5) + (-19 - -19) - 8?
-10
What is the value of 40 - (47 + 6) - (-8 + 2)?
-7
Evaluate 6 - (11 - (22 - 5)) - 4.
8
What is the value of 4 + 5 + -6 - 22?
-19
What is the value of (-13 + 1 - -4) + -2 + -4?
-14
Calculate -2 - -19 - (-121 - -131) - 0.
7
Calculate -32 + -21 + 40 - -32.
19
What is -11 + -5 + 5 - (-1 + 6)?
-16
Evaluate -789 + 791 - (0 - ((0 - -1) + 1)).
4
-12 + 1 + 5 + -9 + 3
-12
What is the value of (6 - 13) + 18 - 19?
-8
1 - 4 - (-38 + 56 - 10)
-11
What is 9 - 15 - (-3 + -4 + (-3 - -4))?
0
Calculate 12 + -9 + -7 - (-5 + 2).
-1
What is the value of -25 - (-10 - 5) - -3?
-7
What is -2 - (3 + 1 + -3 + (5 - 4))?
-4
What is (14 + 15 - 41) + -11?
-23
Evaluate 12 + -8 + 3 + (18 - 51).
-26
-18 - (1 - (10 - 15 - -5))
-19
Evaluate 25 + (28 - 1 - 36).
16
Calculate (-11 - -20) + 3 + -38 + 3.
-23
Evaluate 8 + -52 + 23 + (4 + -2 - 3).
-22
What is the value of (-163 - -150) + (3 - 1) + 3 + -3?
-11
2 + 7 + (239 - 234)
14
-40 - (57 + -108) - (-17 + 0)
28
What is the value of (82 - 74) + (3 - -1) + 1 + -2?
11
1 - (-2 - (2 + -5)) - (65 - 66)
1
Evaluate -2 + 14 + (-18 - 0).
-6
Calculate -15 - (12 - (-17 + 30)).
-14
Calculate (1 - (-1 + -1)) + (-20 - 3 - -21).
1
Evaluate 18 + -14 + 9 - 17.
-4
Calculate 2 + 0 + -4 - (3 + (-13 - -9)).
-1
((-6 - 5) + 3 - 1) + 4 + -10
-15
Evaluate 11 + -12 + 4 + -1 + (-27 - -6).
-19
Calculate (27 - -3 - (-72 + 70)) + 4.
36
What is -8 + (9 + -24 - -18 - 4)?
-9
Evaluate 42 + -30 + -37 - -22.
-3
What is the value of -11 + 49 + -12 + -18 - 22?
-14
What is the value of -1060 - -1017 - (-1 + -16)?
-26
What is (4 + (-1 + 5 - 3) - -1) + 1?
7
Evaluate -4 + (-4 - (-7 + -1) - 4).
-4
What is -9 + (-5 - -8) + -6?
-12
What is the value of 2 + -2 - (-23 + 29 - -9)?
-15
What is the value of (14 + -20 - 7) + -6 + 17?
-2
-6 + -13 + 17 - -1
-1
What is the value of (14 + -4 - -9) + -12 - (-2 - 6)?
15
Evaluate -2 - (-1 + -17 + 9).
7
What is the value of -18 + (9 - -2) + (-2 - -11)?
2
Evaluate 5 - (97 + -88) - (0 + 0 + 16).
-20
What is the value of -10 + (8 + -11 - 3) - -5?
-11
What is the value of -3 + 7 - (-104 - -126)?
-18
Calculate -30 + (-10 - -47 - 27).
-20
(-6 + 3 + -2 - (-3 + -9)) + -6
1
Evaluate 25 - (11 + -3 - -2) - 35.
-20
Calculate 4 - ((-11 - -14) + 8 + -1).
-6
Evaluate (26 - (-2 - -5)) + 4.
27
(0 - 0 - 15) + (6060 - 6074)
-29
What is (0 - -12) + (38 + -14 - 27)?
9
Calculate (-4 - 3) + -1 - (-38 - -38).
-8
What is the value of 5 + 18 + -33 + 19?
9
Evaluate 14 + 6 + -12 - 21.
-13
Calculate (-2 - -3) + (1 - (-17 - 0)) - 5.
14
-2 - (-1 + 2 - (10 - -5 - 26))
-14
8 + 21 + -48 + 36
17
Calculate 5 - ((-6 - 3) + 8).
6
-2 + -14 + 36 + -26
-6
Calculate 0 - (1 + -19) - (126 + -120).
12
What is the value of (464 - 478) + (0 - 0) + -3 + -1?
-18
(0 + 27 - 18) + -26
-17
What is the value of -9 + (0 - 15) + (-23 - -23)?
-24
Evaluate (-4 - -9) + (-2 - -11) + 1 + -3.
12
(553 - 580) + 1 + 2
-24
Calculate -2 + -9 + (25 - 66) + 26.
-26
Calculate -1 + 2 + (246 - 241).
6
(11 - 18) + 7 + (-19 - -5)
-14
Evaluate -13 - (-8 - -12 - 4).
-13
What is 1 + 33 + -31 + 4?
7
What is the value of (-13 - 7 - -16) + 10?
6
Evaluate (-16 - (2 - 7)) + 1 + 0.
-10
(10 - (27 + -10)) + 12 - 2
3
Calculate 3 - 11 - (23 + -6 + -12).
-13
Evaluate -3 + (-16 + (12 - -1) - (30 - -3)).
-39
Evaluate 20 + -10 + 6 + -1.
15
Evaluate (7 - 1 - 3) + (-1 - (4 - 8)).
6
0 - -9 - (9 - (4 - 2))
2
Calculate (2 - 2) + -4 - (29 + -44).
11
What is the value of -9 - ((-23 - (-13 + -4)) + -26)?
23
Evaluate (42 + -12 - 0) + -15 + -41.
-26
What is -1 + -6 + (9 - 2)?
0
What is the value of (4 - -3 - -17) + -18?
6
What is the value of (19 - 22) + 9 + 3 + -24?
-15
What is the value of 37 + -42 + 2 + -5 + (3 - -13)?
8
Calculate 5 + -1 + -8 + 27 + -8.
15
What is the value of 7 - (-10 + 4) - 19?
-6
What is the value of 9 + 1 + 10 + -3 + -10 + 1?
8
What is -14 - (-14 - (-2 - -13))?
11
Calculate (-5 - -19) + (-15 - (-5 + 17)).
-13
Evaluate 17 - (5 + (-18 - -5) + 7 + 5).
13
4 + (-1 - -1) - -2 - 15 - 3
-12
Calculate -39 - -34 - (-2 + 0).
-3
What is (14 - (1 - -12)) + 1 + -5?
-3
Evaluate (0 - (13 - 24)) + 12 + -9.
14
What is -8 + 13 + -2 + 3 + -3?
3
What is the value of -6 - (-19 + -1 + (1 - (-6 - -2)))?
9
Evaluate 10 + -1 - (-10 + (-4 - 1) + 6).
18
What is 0 + (2 - (2 + -6))?
6
Calculate -3 + 2 + -2 + (3 - 0).
0
What is 5 + 1 + -1 + 14 + -12 + -15?
-8
Calculate 7 + (7 - (-11 + 3 + (4 - 0))).
18
Evaluate -4 + (-4 - ((3 - 8) + 2)) + 16.
11
Evaluate -1358 - -1402 - (8 - 0).
36
What is the value of 7 + 0 + -3 + (17 - 26)?
-5
Calculate -8 + -2 - 1 - (27 + -20).
-18
Calculate (65 - 74 - (1 + -23)) + 0.
13
What is the value of 23 - (19 - 9 - 14)?
27
-2 - (15 + (3 - (13 + -2 - 8)))
-17
What is 3 + -8 + -7 + (7 - -1 - -20)?
16
Calculate 23 + -3 + (656 - 683).
-7
-7 + 3 + -13 - (-50 + -3)
36
What is the value of -34 - -45 - (-4 - -17)?
-2
489 - 460 - (-1 - -9)
21
Calculate 35 + 21 + -73 - 6.
-23
-1 + (1 - 1) - (20 + (-24 - -8))
-5
What is 14 - (-19 + (9 - -10))?
14
What is the value of (-11 + 3 + 2 - 10) + 0?
-16
What is the value of 5 - 0 - -7 - 2 - 14?
-4
What is the value of 25 + -17 + (1 - 5) + -2?
2
Evaluate 38 + (-10 - 5) - (-1 - -1 - -8).
15
Calculate -20 - (-7 + -8 + 4 + 2).
-11
What is the value of (24 - (-32 + 22)) + -23?
11
Calculate 18 + -33 - ((4 - 7) + -13).
1
Evaluate -1 - (24 - (17 - 6)).
-14
What is the value of (-21 + 32 - 17) + 21?
15
-1 + 12 + -19 - -23
15
What is (28 - 2 - 7) + -1?
18
Calculate -4 + (-3 - ((-7 - -2) + 5)).
-7
-196 - -183 - (0 - 11)
-2
What is the value of 0 - 5 - (10 - ((-13 - -36) + -13))?
-5
What is -4 + (-4 - -3 - 0) - 3?
-8
What is (-4 - (-31 + 12 + 11)) + 4?
8
What is the value of -2 + (11 - (3 - (-1 + 10 - 12)))?
3
Evaluate -1 + 8 + (-4 - 0) + 2 + 8.
13
(7 - (-10 - -14)) + (-3 - -9)
9
What is (-4 - -1) + 0 + 3 - (29 + -46)?
17
(-21 - -5) + -26 + (-35 - -42)
-35
Evaluate -66 + 81 + (2 - 23).
-6
What is -12 + -14 + (-40 - -41)?
-25
Evaluate 21 - (0 + -4 + 17) - -8.
16
Calculate (9 + 17 - 20 - 29) + -5.
-28
What is the value of 5 - -14 - 21 - -1?
-1
What is 12 - ((27 - 22) + (0 - -1))?
6
Evaluate (24 + (-16 - 1) - (2 - -4)) + 9.
10
What is the value of 29 + -27 + 25 + 7 + -17?
17
What is 6 - -9 - 1 - (-7 + (2 - -5))?
14
Evaluate 6 + (7 - (5 - 0 - -10)) + 9.
7
Evaluate -16 - ((27 + -16 - 6) + 0 + 0).
-21
Calculate 5 + (0 - ((1 - -4) + 1)).
-1
Evaluate -10 - (-5 - -3) - -4 - -5 - -13.
14
Calculate 6 + (0 - (-12 - -3 - -7)).
8
(-11 + -16 - 30) + 42
-15
What is 3 - (-7 - (1 + -2)) - (-7 - -2)?
14
What is 13 + -7 + -22 + 7?
-9
Calculate 143 - 132 - ((-5 - -19) + -5 + 1).
1
What is -27 - (-31 - (-28 + 3))?
-21
Evaluate (-1 + 5 - (-35 + 35)) + 8.
12
Calculate 19 - (-13 + (11 - -6)).
15
What is (2 - -17) + (-12 + 6 + -9 - -14)?
18
-10 + (20 - (1 + 7))
2
-7 - (-4 - (6 - (7 + -5) - -3))
4
Calculate (7 - (0 + -2) - -4) + (-1 - -8).
20
What is 26 + -30 - (-1 + -1 + -3 - -1)?
0
Calculate (1 + 0 - (-2 + -1)) + 187 + -189.
2
What is -31 + 21 + -12 + -2?
-24
Calculate (-1 + -9 - (-38 - -34)) + (-1 - -1).
-6
Calculate -1 + -3 + (-3 + -7 - -4) + 2.
-8
1 - (0 + -1 + 0) - (-1 + 6)
-3
What is -78 + 72 + (-2 - -5 - 5)?
-8
What is 11 - 13 - (17 + -9 - -1)?
-11
What is (-33 - -5 - -2) + 3 + 9?
-14
Calculate -27 - (-32 + 17) - -10.
-2
-17 - (13 + 28 + -65)
7
What is 5 + -29 - (-14 + 2) - 4?
-16
What is the value of -25 - (13 - (3 - -24))?
-11
What is 7 - ((6 - 1) + (-10 - 2) - 6)?
20
Calculate -1 + -21 + 29 + -23.
-16
What is the value of 7 - (3 - 5 - 1 - -7) - -1?
4
Evaluate -3 + 18 + (-4 - -2).
13
Calculate 6 - (-5 - (-9 + 8) - 5).
15
Calculate 14 + -15 + 10 + 1 + -11.
-1
Calculate 14 + 2 + ((4 - 10) + -4 - -6).
12
What is the value of (-5 - (-12 + (-1 - -8))) + (-4 - -1)?
-3
Evaluate (-326 - -307) + (5 - 1).
-15
Evaluate (0 - 10) + (16 + 1 - (88 - 104)).
23
What is -18 + -3 + 1 + (2 - (14 - 2))?
-30
-3 - (8 + -17 + -14)
20
What is the value of 10 + -7 + 5 + -9 + 3?
2
Evaluate 10 - (5 + 19 - 10) - (-8 + 3).
1
11 + (47 - 59) + (5 - 2) + -31
-29
What is the value of -79 + 109 + 1 + (1 - 2) + -8?
22
4 - 18 - ((-5 + 0 - 1) + 4)
-12
Evaluate -1 + -2 - (14 - (26 - 2)).
7
What is the value of (9 - 7) + -5 + 2 + 22?
21
What is the value of 5 + 0 + 6 + -4 + 10?
17
Evaluate 43 - 4 - 24 - (1 + 8).
6
Evaluate -16 + (-24 - (-1 - 10